s the remainder when 32434988 is divided by 831666?
14
Calculate the remainder when 924391 is divided by 21497.
20
Calculate the remainder when 3706572 is divided by 306.
300
Calculate the remainder when 1816847 is divided by 761.
340
Calculate the remainder when 39190540 is divided by 1934.
1898
Calculate the remainder when 46676614 is divided by 20.
14
What is the remainder when 189325 is divided by 2523?
100
What is the remainder when 6103717 is divided by 263?
13
Calculate the remainder when 34178 is divided by 3669.
1157
What is the remainder when 22081526 is divided by 7360504?
14
Calculate the remainder when 7108544 is divided by 161557.
36
What is the remainder when 559361 is divided by 7?
5
What is the remainder when 1253517 is divided by 224?
13
Calculate the remainder when 144687330 is divided by 35.
25
Calculate the remainder when 6221418 is divided by 34.
30
What is the remainder when 2766630 is divided by 54?
48
Calculate the remainder when 44908 is divided by 331.
223
What is the remainder when 469174 is divided by 4962?
2746
Calculate the remainder when 2561294 is divided by 345.
14
What is the remainder when 178883801 is divided by 27?
26
Calculate the remainder when 15306 is divided by 4385.
2151
What is the remainder when 268946 is divided by 4073?
128
What is the remainder when 85100 is divided by 5291?
444
Calculate the remainder when 491466 is divided by 603.
21
Calculate the remainder when 152681 is divided by 152668.
13
Calculate the remainder when 2338244 is divided by 123065.
9
What is the remainder when 394512 is divided by 113?
29
Calculate the remainder when 21292 is divided by 302.
152
What is the remainder when 6741144 is divided by 424?
392
What is the remainder when 46861213 is divided by 395?
388
Calculate the remainder when 2554214 is divided by 28699.
3
What is the remainder when 7929656 is divided by 788?
12
What is the remainder when 377815176 is divided by 13?
11
Calculate the remainder when 1852173 is divided by 3859.
3712
Calculate the remainder when 509054 is divided by 3743.
6
Calculate the remainder when 300552 is divided by 735.
672
Calculate the remainder when 1201493 is divided by 300354.
77
Calculate the remainder when 3410767 is divided by 38.
1
What is the remainder when 7448106 is divided by 3198?
3162
What is the remainder when 4998401 is divided by 555282?
863
What is the remainder when 17116 is divided by 12125?
4991
What is the remainder when 6380737 is divided by 35?
27
Calculate the remainder when 239262024 is divided by 2087.
2083
Calculate the remainder when 26648411 is divided by 857.
853
What is the remainder when 104444 is divided by 13042?
108
What is the remainder when 271069 is divided by 3142?
857
What is the remainder when 18154 is divided by 970?
694
What is the remainder when 327200 is divided by 2536?
56
What is the remainder when 811413 is divided by 980?
953
What is the remainder when 2536056 is divided by 634000?
56
What is the remainder when 15014744 is divided by 277?
236
What is the remainder when 1142821 is divided by 95225?
121
What is the remainder when 4329634 is divided by 397?
349
What is the remainder when 3165397 is divided by 1330?
1327
What is the remainder when 2141176 is divided by 47577?
211
Calculate the remainder when 126088 is divided by 5307.
4027
Calculate the remainder when 7039239 is divided by 2346412.
3
Calculate the remainder when 239390 is divided by 59829.
74
Calculate the remainder when 50189127 is divided by 469057.
28
What is the remainder when 93860 is divided by 24?
20
What is the remainder when 5860510 is divided by 24?
22
What is the remainder when 6315931 is divided by 485839?
24
Calculate the remainder when 173095249 is divided by 84.
61
Calculate the remainder when 5431871 is divided by 5431819.
52
Calculate the remainder when 1435064 is divided by 326.
12
What is the remainder when 2043480 is divided by 1041?
1038
Calculate the remainder when 47895 is divided by 22703.
2489
Calculate the remainder when 519660492 is divided by 516.
504
What is the remainder when 855574 is divided by 31687?
25
What is the remainder when 23080 is divided by 3093?
1429
What is the remainder when 24346 is divided by 5482?
2418
What is the remainder when 1018656 is divided by 12573?
243
Calculate the remainder when 764404 is divided by 254775.
79
What is the remainder when 546800 is divided by 32161?
63
Calculate the remainder when 46559 is divided by 2687.
880
What is the remainder when 94590 is divided by 14581?
7104
Calculate the remainder when 532454822 is divided by 8.
6
What is the remainder when 649143 is divided by 23164?
551
Calculate the remainder when 47478 is divided by 3163.
33
Calculate the remainder when 127939 is divided by 3944.
1731
Calculate the remainder when 390432 is divided by 7230.
12
Calculate the remainder when 621737 is divided by 473.
215
Calculate the remainder when 1616021 is divided by 1866.
65
Calculate the remainder when 1413150 is divided by 282604.
130
What is the remainder when 76371 is divided by 25302?
465
What is the remainder when 72039066 is divided by 12?
6
Calculate the remainder when 11468259 is divided by 333.
72
Calculate the remainder when 2765316 is divided by 3059.
3039
What is the remainder when 10192156 is divided by 392004?
52
What is the remainder when 278360 is divided by 273?
173
What is the remainder when 789543 is divided by 260?
183
What is the remainder when 151317249 is divided by 51?
45
Calculate the remainder when 5580672 is divided by 5580669.
3
What is the remainder when 7726043 is divided by 128766?
83
What is the remainder when 759316 is divided by 5096?
12
Calculate the remainder when 5638510 is divided by 5638455.
55
What is the remainder when 128393 is divided by 4669?
2330
What is the remainder when 2129898 is divided by 507?
498
Calculate the remainder when 9554182 is divided by 50021.
171
What is the remainder when 8803488 is divided by 109?
103
What is the remainder when 3560675 is divided by 8378?
25
Calculate the remainder when 15085779 is divided by 6165.
24
Calculate the remainder when 12653611 is divided by 4217868.
7
Calculate the remainder when 1881744 is divided by 940862.
20
What is the remainder when 19138774 is divided by 32?
22
What is the remainder when 517172 is divided by 172388?
8
Calculate the remainder when 941256 is divided by 283.
281
What is the remainder when 2490740 is divided by 444?
344
What is the remainder when 7944834 is divided by 10?
4
What is the remainder when 1426104 is divided by 178253?
80
What is the remainder when 183363 is divided by 18?
15
Calculate the remainder when 226845 is divided by 136.
133
Calculate the remainder when 451190 is divided by 17330.
610
What is the remainder when 52060 is divided by 811?
156
Calculate the remainder when 79271 is divided by 151.
147
What is the remainder when 168211211 is divided by 1259?
1257
Calculate the remainder when 210079 is divided by 69918.
325
What is the remainder when 297374 is divided by 73435?
3634
Calculate the remainder when 25229 is divided by 325.
204
Calculate the remainder when 69471499 is divided by 4958.
3
What is the remainder when 650993571 is divided by 1443?
1437
What is the remainder when 79680186 is divided by 35?
26
Calculate the remainder when 8305505 is divided by 402.
185
Calculate the remainder when 503245529 is divided by 2793.
2789
What is the remainder when 45749 is divided by 188?
65
What is the remainder when 21225959 is divided by 258852?
95
What is the remainder when 161287948 is divided by 537?
535
What is the remainder when 137684149 is divided by 10?
9
What is the remainder when 766161 is divided by 445?
316
What is the remainder when 110253 is divided by 2564?
1
What is the remainder when 15480937 is divided by 39?
4
Calculate the remainder when 37309190 is divided by 77.
72
Calculate the remainder when 112036 is divided by 18650.
136
What is the remainder when 16433451 is divided by 4129?
31
What is the remainder when 42722 is divided by 383?
209
What is the remainder when 79609 is divided by 3900?
1609
Calculate the remainder when 150499 is divided by 2471.
2239
What is the remainder when 25403 is divided by 8393?
224
What is the remainder when 64827762 is div